s*c - c = 110. Calculate the greatest common factor of 198 and c.
22
Let a(r) = r**2 + 4*r - 12. Let w be a(6). Suppose -w + 3 = -5*y. Calculate the greatest common divisor of 252 and y.
9
Let r be (81/6)/(3/282). Suppose 0*o + r = 27*o. Calculate the highest common divisor of 470 and o.
47
Suppose -4*v = -4*l - 176, 5*v = -0*v + 3*l + 226. Suppose 0 = -v*q + 46*q + 3. Let s be q/(4/(-8)*-3). Calculate the greatest common divisor of 4 and s.
2
Suppose 3*u = 2*u + 60. Let l be (-1602)/(-16) - 13*20/2080. What is the greatest common divisor of u and l?
20
Let k be (18/(-36))/((-3)/216). Calculate the greatest common divisor of 1632 and k.
12
Let f be 104/(-13) + -3*114/(-18). Calculate the greatest common divisor of f and 2618.
11
Let i be ((-4)/(-6))/(14/525)*(-4 - -7). Let n be (-9763)/(-78) + 0 + 1/(-6). Calculate the highest common divisor of i and n.
25
Suppose -5*o + 150 - 10 = 0. Let l be (2/2)/(2/(-98)*-1). Calculate the highest common factor of l and o.
7
Let i = 129 + -55. Suppose -2*b + i + 2 = a, -a = 4*b - 154. Let o be 18/10*5/3. Calculate the highest common divisor of o and b.
3
Let h = -7 + 115. Suppose -14*z - 9*z = 759. Let c = z - -45. Calculate the highest common factor of h and c.
12
Suppose 10*h + 41*h - 1033 = 9218. Let d(n) = 3*n**2 + 8*n + 7. Let u be d(-6). Calculate the highest common divisor of h and u.
67
Let s = -15428 + 15500. Let h be (-8 - 208)*3/(-2). Calculate the greatest common divisor of h and s.
36
Let d(u) = 2*u**2 + 60*u + 346. Let y be d(-28). What is the highest common factor of y and 153?
9
Suppose -8*i - 2*i + 1251 = 261. Let g = -12 + 21. Calculate the highest common divisor of i and g.
9
Let k be (-172 + (-2)/2)/(-1). Suppose 3*c = -4*w - 474, 4*c + 593 = 9*w - 14*w. Let d = k + w. Calculate the highest common divisor of d and 7.
7
Suppose 8*x + 15*x = -18*x + 21197. Calculate the greatest common factor of x and 121.
11
Suppose 4*p = -2*k + 33006, -5*p = k - 57593 + 16334. Calculate the greatest common divisor of p and 4.
4
Let v = 4893 - 4583. Calculate the greatest common factor of v and 496.
62
Let o be (15213/66)/(1183/168 + -7). Calculate the highest common factor of 72 and o.
12
Suppose 7*d - 1674 = -2*d. Let t = d - 171. Let q(z) = -z**3 - z**2 + 3*z + 3. Let a be q(-6). Calculate the highest common factor of a and t.
15
Suppose 5*a - 65 = -2*l, -60 = -2*l - 7*a + 3*a. Suppose 4*s + x = l, -3*s = -s - x - 4. Calculate the greatest common factor of s and 256.
4
Suppose -11*i - 152 + 757 = 0. Suppose -4*o + 208 = 4*q, -2*q = -4*o + 3*o + i. What is the highest common factor of 477 and o?
53
Let x(f) = f**3 - 2*f**2 + 2*f + 3. Let j be x(3). Let m = -2247 - -2265. What is the highest common factor of j and m?
18
Let n = -34 + 37. Suppose 4*w = -w - 4*m + 3, w = -2*m - n. Suppose -119 + 29 = -w*l - 3*p, 4*l + 3*p = 118. Calculate the greatest common divisor of l and 42.
14
Let d = 16 + 98. Let w be (138/4)/((-63)/(-14) + -4). Suppose w*c - 87*c = -108. What is the greatest common divisor of d and c?
6
Suppose -25*y = -26*y + 2*m + 1931, 5*y + m = 9633. What is the greatest common factor of 246 and y?
41
Suppose -643*j = -658*j + 3000. Calculate the highest common divisor of j and 25.
25
Let y(i) = -i**3 - 36*i**2 - 48*i - 295. Let k be y(-35). What is the highest common divisor of k and 360?
40
Let l = 43 - 57. Let r be 6/(-21) + (-102)/l. Suppose -12*k + r*k = -360. Calculate the highest common factor of k and 18.
18
Let o be 5/(55/2) + 163/11. Let v(d) = d**2 - 17*d + 33. Let l be v(o). Calculate the greatest common divisor of 15 and l.
3
Suppose 100*l = -98*l + 1584. What is the greatest common divisor of 2536 and l?
8
Let x(d) = 3*d - 37. Let t be x(11). Suppose -4*r = -2*w - 12 - 12, 4*w + 36 = 5*r. Let v be w*(t + 50/(-4)). Calculate the greatest common divisor of 22 and v.
22
Let y(v) = 3*v - 5. Let l be y(6). Let b = 79 + l. Suppose -2*u = -10, -2*a = u - 381 - b. What is the greatest common divisor of 26 and a?
26
Suppose 0 = -5*q - 5*t, -6 = -2*q + t + 9. Suppose q*p = p + 1836. Suppose -3*x + 132 = -21. Calculate the greatest common factor of x and p.
51
Let m be 18/24 - (-1 + (-27)/12). Suppose 2*q = -3*r + 156, -m*q - 5*r + 2*r + 300 = 0. Calculate the greatest common factor of 120 and q.
24
Suppose -r = -p + 21, -28*p + 3*r = -27*p - 9. Calculate the greatest common divisor of 3879 and p.
9
Let m = -169 + -23. Let s = m - -260. Calculate the greatest common factor of 8 and s.
4
Let d(f) = -32*f + 126. Let v be d(9). Let y = -161 - v. Let c be (2 + -1 - 2)*-11. Calculate the highest common divisor of c and y.
1
Let z(i) = 232*i**2 - 40*i + 228. Let o be z(-17). Calculate the greatest common divisor of o and 42.
42
Let t = -257 + 266. Let s be -3 + t + (89 - 3). What is the highest common divisor of s and 23?
23
Suppose z + 7*y = 81, -6*z + 5*z + 49 = 3*y. Suppose -4*m = -m - 150. What is the highest common divisor of z and m?
25
Suppose -4*s - k = -949, 2*k = 6*k + 12. Suppose -8*c + 7*c = -60. Let g be 828/c - 1/((-15)/3). What is the greatest common factor of g and s?
14
Let f be (54/21)/((-13)/2340*(-5)/28). What is the greatest common divisor of f and 160?
32
Suppose -83*k + 364344 - 362352 = 0. Suppose 0 = -2*t - 0*t + 912. What is the highest common divisor of k and t?
24
Suppose -8*n + 3*n + 255 = 0. Let y = 38 + -73. Let j = n + y. What is the greatest common factor of j and 8?
8
Suppose 5*z - 2079 = -j + 127, 0 = -5*j + 5*z + 10790. Calculate the greatest common divisor of 42 and j.
6
Let z be 55*4 + -5 + 1. Let r(a) = -49*a**3 + 8*a + 7. Let u be r(-1). Calculate the greatest common factor of z and u.
24
Let z be 20/(44/(-110)*(-30)/72). Calculate the greatest common factor of z and 4040.
40
Let r = -228 - -225. Let i be -2 + r/(-2) + (-79)/(-2). What is the highest common divisor of 312 and i?
39
Let i be 3/(-6) + 17/2. Let m(o) = -o**2 - 5*o - 2. Let r(d) = 2*d**2 + 47*d + 22. Let n be r(-23). Let t be m(n). What is the highest common factor of t and i?
2
Let y = 7101 - 6001. What is the greatest common factor of y and 308?
44
Suppose 709*o - 3293495 - 4100134 - 53707 = 0. Calculate the highest common divisor of 520 and o.
104
Suppose 6000 = -12*b + 37*b. Let a = b - 223. Suppose 0 = 2*z + 3*z - 255. Calculate the highest common factor of z and a.
17
Let u(k) = 76*k - 125. Let j be u(5). Suppose 20*t + j = 25*t. What is the greatest common factor of t and 1632?
51
Suppose -3*d + 380 = 5*v, 5*v - 66 + 91 = 0. Calculate the greatest common divisor of d and 6.
3
Let d be (-20868)/(-90) - (-32)/240. What is the highest common divisor of d and 2436?
116
Let x be ((-134)/(-8))/(24/384). Let y = 287 - x. Calculate the greatest common factor of y and 57.
19
Suppose 5*m - 160 = -k, -4*k + 656 = -69*m + 73*m. What is the greatest common factor of 429 and k?
33
Let b be (547/5 - 1) + 20/(-50). Calculate the greatest common divisor of b and 1368.
36
Let x = -208 - -513. Suppose 0 = 4*h - 5*d - x, -6*h + 275 = -2*h + d. Calculate the highest common divisor of 35 and h.
35
Let z = 29 - 13. Let m(h) = -35*h + 3. Let u be m(0). Suppose 0 = 2*k, 3*g + u*k = -0*g + 48. Calculate the highest common factor of g and z.
16
Let i = -64 + 234. Let v = 44 + -10. What is the highest common divisor of i and v?
34
Let g(v) = 2*v**2 - 45*v + 83. Let k be g(21). Suppose -k*n = -16*n - 48. Let f = 6 - -2. What is the greatest common divisor of f and n?
4
Let p(d) = d**3 + 16*d**2 - 43*d - 27. Let t be p(-18). Let k = 260 - t. Calculate the highest common divisor of k and 23.
23
Let z = 394 - 205. Suppose 0 = -5*p + 4*v - z, 4*p + 185 = v + 25. Let o = p + 64. Calculate the highest common factor of 115 and o.
23
Let v be (-33 + -3)/(-4) - -6. Let y be -21*(-10)/18*27/v. Calculate the greatest common divisor of 12 and y.
3
Let p be (-6192)/(-64) - 17 - (-3)/12. Let l(t) = 3*t**2 + 4*t - 5. Let u be l(-5). What is the greatest common divisor of p and u?
10
Suppose -2*q + 3*a = -675 - 3358, 5*a + 35 = 0. Calculate the greatest common factor of 34 and q.
34
Let r(v) = -7*v + 26. Let n be r(-10). Let q be (-4942)/(-77) + (13/(-11) - -1). What is the greatest common factor of q and n?
32
Let t(n) = -9*n**3 - 2*n**2 + 6*n - 4. Let d be t(2). Let q be (d/(-180))/((-4)/(-130)). What is the highest common fa